a composite number?
True
Is 41579 a prime number?
True
Is 1476427 prime?
False
Is 19667 composite?
True
Is 4705 composite?
True
Is 11707 a composite number?
True
Is 7835 a composite number?
True
Is 237371 prime?
False
Is 115201 a prime number?
True
Is 147419 composite?
False
Is 188107 composite?
False
Is 20183 prime?
True
Is 15815 prime?
False
Is 57917 a prime number?
True
Is 15109 prime?
False
Is 73517 composite?
False
Is 5051 a prime number?
True
Is 4831 a composite number?
False
Is 1217 a prime number?
True
Is 530833 prime?
True
Is 8861 composite?
False
Is 1985 prime?
False
Is 331105 composite?
True
Is 417967 composite?
True
Is 372259 a prime number?
False
Is 3107 a prime number?
False
Is 2017 a composite number?
False
Is 4111 composite?
False
Is 14173 composite?
False
Is 1021777 composite?
False
Is 276851 composite?
True
Is 5261 composite?
False
Is 1577 composite?
True
Is 2513 a composite number?
True
Is 4132731 a composite number?
True
Is 53347 prime?
False
Is 165307 prime?
False
Is 705389 composite?
False
Is 1259 prime?
True
Is 515969 prime?
True
Is 485 a composite number?
True
Is 85773 a prime number?
False
Is 662 a prime number?
False
Is 105919 prime?
False
Is 5989 a prime number?
False
Is 8983 composite?
True
Is 1005989 composite?
False
Is 11791 a composite number?
True
Is 68671 composite?
True
Is 89867 composite?
False
Is 6005 prime?
False
Is 877 prime?
True
Is 1524863 composite?
True
Is 1271863 prime?
False
Is 5099 a prime number?
True
Is 304367 a composite number?
True
Is 1798653 a composite number?
True
Is 20662 composite?
True
Is 23957 a composite number?
False
Is 7061 prime?
False
Is 2462069 prime?
True
Is 423173 a prime number?
True
Is 499 a composite number?
False
Is 18295 a composite number?
True
Is 73517 prime?
True
Is 711209 prime?
True
Is 48851 a prime number?
False
Is 322919 composite?
False
Is 57943 a prime number?
True
Is 5069 a prime number?
False
Is 197038 a composite number?
True
Is 1396573 composite?
True
Is 2983 a composite number?
True
Is 484987 a composite number?
False
Is 548323 a prime number?
True
Is 493239 composite?
True
Is 195169 composite?
True
Is 16603 a composite number?
False
Is 37333 prime?
False
Is 37227 a composite number?
True
Is 8315 a prime number?
False
Is 21085 prime?
False
Is 166435 prime?
False
Is 252139 prime?
True
Is 40049 composite?
True
Is 12589 prime?
True
Is 289889 a composite number?
False
Is 5219 a prime number?
False
Is 11531 a prime number?
False
Is 141123 a composite number?
True
Is 10306 a composite number?
True
Is 12757 composite?
False
Is 234218 prime?
False
Is 1335497 prime?
True
Is 1224529 a composite number?
False
Is 30103 a composite number?
False
Is 44017 prime?
True
Is 450713 a prime number?
False
Is 6523 prime?
False
Is 2081 prime?
True
Is 31469 a composite number?
False
Is 9127 prime?
True
Is 1027641 composite?
True
Is 179779 composite?
False
Is 15661 prime?
True
Is 977 composite?
False
Is 13909 prime?
False
Is 16477 a prime number?
True
Is 60023 composite?
True
Is 1195217 prime?
True
Is 68957 a composite number?
True
Is 864091 a composite number?
False
Is 137633 prime?
True
Is 1595585 composite?
True
Is 350043 a prime number?
False
Is 33895 prime?
False
Is 7522 a prime number?
False
Is 22861 a prime number?
True
Is 1693 a prime number?
True
Is 4703 a composite number?
False
Is 5597 a prime number?
False
Is 43753 composite?
False
Is 103541 composite?
True
Is 6197 a prime number?
True
Is 3811 a prime number?
False
Is 6037 composite?
False
Is 23419 a composite number?
True
Is 32909 composite?
False
Is 50681 a prime number?
False
Is 7169 prime?
False
Is 773219 composite?
True
Is 3802 composite?
True
Is 91673 a composite number?
False
Is 145949 prime?
True
Is 397 a prime number?
True
Is 65386 a composite number?
True
Is 8717 prime?
False
Is 146891 prime?
True
Is 200713 a prime number?
True
Is 2827 composite?
True
Is 6491 composite?
False
Is 3127 a prime number?
False
Is 11549 a prime number?
True
Is 232517 a prime number?
False
Is 43115 prime?
False
Is 727933 prime?
True
Is 717059 prime?
False
Is 8857 a prime number?
False
Is 5353 composite?
True
Is 80839 prime?
False
Is 125231 prime?
True
Is 9637 a composite number?
True
Is 8611 a prime number?
False
Is 28933 a composite number?
False
Is 5773 a prime number?
False
Is 1837601 composite?
False
Is 31771 a composite number?
False
Is 8513 prime?
True
Is 21829 a composite number?
True
Is 111721 a composite number?
False
Is 13669 a composite number?
False
Is 78203 composite?
False
Is 201743 composite?
False
Is 199831 a composite number?
False
Is 6433 a composite number?
True
Is 266479 composite?
False
Is 7711 composite?
True
Is 92159 composite?
True
Is 3571 a composite number?
False
Is 171583 prime?
True
Is 189223 a prime number?
True
Is 8563 a composite number?
False
Is 14867 prime?
True
Is 41273 a prime number?
False
Is 76303 composite?
False
Is 16897 composite?
True
Is 39979 a composite number?
False
Is 943 a composite number?
True
Is 101363 prime?
True
Is 2333 a prime number?
True
Is 38501 a composite number?
False
Is 45449 a composite number?
True
Is 39887 prime?
True
Is 148549 prime?
True
Is 112505 a prime number?
False
Is 114133 a composite number?
True
Is 3037 a composite number?
False
Is 24589 prime?
False
Is 126211 a composite number?
False
Is 18059 a prime number?
True
Is 96953 prime?
True
Is 41579 a prime number?
True
Is 395231 composite?
False
Is 5227 composite?
False
Is 475087 a composite number?
True
Is 61709 a prime number?
False
Is 6779 composite?
False
Is 7031 prime?
False
Is 272693 a prime number?
True
Is 8654 composite?
True
Is 51749 a composite number?
False
Is 102761 prime?
True
Is 235327 a composite number?
True
Is 160079 a prime number?
True
Is 2138789 a composite number?
False
Is 43997 a composite number?
False
Is 232751 composite?
False
Is 112269 a composite number?
True
Is 63721 composite?
True
Is 99403 a prime number?
False
Is 87023 a prime number?
False
Is 14029 a composite number?
False
Is 230719 a prime number?
True
Is 2199 a prime number?
False
Is 8735 prime?
False
Is 306619 composite?
True
Is 836341 a prime number?
False
Is 30757 prime?
True
Is 16309 a composite number?
True
Is 457447 prime?
False
Is 441793 a composite number?
True
Is 108677 a prime number?
True
Is 245339 prime?
True
Is 24233 composite?
True
Is 23341 prime?
False
Is 1481 a composite number?
False
Is 524857 prime?
True
Is 2669 composite?
True
Is 293 composite?
False
Is 350657 composite?
False
Is 9763 a prime number?
False
Is 16609 prime?
False
Is 283655 composite?
True
Is 18007 a prime number?
False
Is 205877 a composite number?
True
Is 527633 a composite number?
False
Is 40862 prime?
False
Is 427007 prime?
False
Is 34043 composite?
True
Is 979 a prime number?
False
Is 93239 a prime number?
True
Is 12979 a prime number?
True
Is 138239 composite?
False
Is 4464821 a prime number?
True
Is 33457 a composite number?
False
Is 3765709 prime?
True
Is 659 prime?
True
Is 9883 a composite number?
False
Is 18287 composite?
False
Is 362971 prime?
False
Is 494539 a prime number?
True
Is 389 prime?
True
Is 606521 a composite number?
False
Is 23917 a composite number?
False
Is 35138 a prime number?
False
Is 35027 a prime number?
True
Is 328709 a composite number?
False
Is 69061 a composite number?
False
Is 14228203 composite?
True
Is 86627 composite?
False
Is 34283 a prime number?
True
Is 20593 a prime number?
True
Is 23603 composite?
False
Is 419041 a composite number?
True
Is 206779 a prime number?
True
Is 3071 a composite number?
True
Is 4399 prime?
False
Is 826567 prime?
False
Is 58553 a composite number?
True
Is 668849 prime?
False
Is 27899 composite?
True
Is 97873 composite?
True
Is 46229 a prime number?
True
Is 414157 a composite number?
False
Is 14458 prime?
False
Is 154439 prime?
True
Is 26017 a prime number?
True
Is 22853 prime?
True
Is 21419 a composite number?
False
Is 119059 prime?
False
Is 52553 composite?
False
Is 7405 composite?
True
Is 243949 a composite number?
True
Is 61385 a composite number?
True
Is 36338 a composite number?
True
Is 96343 a composite number?
True
Is 3989 a composite number?
False
Is 132887 composite?
False
Is 41161 prime?
True
Is 160891 a prime number?
False
Is 4049 prime?
True
Is 2179459 a prime number?
Tr